{"id":4369,"date":"2020-10-22T13:19:42","date_gmt":"2020-10-22T13:19:42","guid":{"rendered":"https:\/\/www.little-lady.ch\/wp\/?page_id=4369"},"modified":"2025-01-23T20:08:21","modified_gmt":"2025-01-23T18:08:21","slug":"photographe-mariage","status":"publish","type":"page","link":"https:\/\/www.little-lady.ch\/wp\/photographe-mariage\/","title":{"rendered":"Photographe Mariage en Valais"},"content":{"rendered":"<p>[et_pb_section fb_built=\u00a0\u00bb1&Prime; _builder_version=\u00a0\u00bb4.6.6&Prime; custom_margin=\u00a0\u00bb120px||||false|false\u00a0\u00bb custom_padding=\u00a0\u00bb20px||||false|false\u00a0\u00bb][et_pb_row _builder_version=\u00a0\u00bb3.25&Prime; custom_margin=\u00a0\u00bb-100px|||\u00a0\u00bb][et_pb_column type=\u00a0\u00bb4_4&Prime; _builder_version=\u00a0\u00bb3.25&Prime; custom_padding=\u00a0\u00bb|||\u00a0\u00bb custom_padding__hover=\u00a0\u00bb|||\u00a0\u00bb][et_pb_social_media_follow icon_color=\u00a0\u00bb#ffffff\u00a0\u00bb admin_label=\u00a0\u00bbSocial Media Follow\u00a0\u00bb _builder_version=\u00a0\u00bb4.6.5&Prime; _module_preset=\u00a0\u00bbdefault\u00a0\u00bb text_orientation=\u00a0\u00bbright\u00a0\u00bb][et_pb_social_media_follow_network social_network=\u00a0\u00bbfacebook\u00a0\u00bb url=\u00a0\u00bbhttps:\/\/www.facebook.com\/LittleLadyPhotographie\/\u00a0\u00bb _builder_version=\u00a0\u00bb4.6.5&Prime; _module_preset=\u00a0\u00bbdefault\u00a0\u00bb background_color=\u00a0\u00bb#8f8f8f\u00a0\u00bb background_enable_color=\u00a0\u00bbon\u00a0\u00bb follow_button=\u00a0\u00bboff\u00a0\u00bb url_new_window=\u00a0\u00bbon\u00a0\u00bb]facebook[\/et_pb_social_media_follow_network][et_pb_social_media_follow_network social_network=\u00a0\u00bbinstagram\u00a0\u00bb url=\u00a0\u00bbhttps:\/\/www.instagram.com\/LittleLadyPhotographie\/\u00a0\u00bb _builder_version=\u00a0\u00bb4.6.5&Prime; _module_preset=\u00a0\u00bbdefault\u00a0\u00bb background_color=\u00a0\u00bb#8f8f8f\u00a0\u00bb background_enable_color=\u00a0\u00bbon\u00a0\u00bb follow_button=\u00a0\u00bboff\u00a0\u00bb url_new_window=\u00a0\u00bbon\u00a0\u00bb]instagram[\/et_pb_social_media_follow_network][\/et_pb_social_media_follow][et_pb_text _builder_version=\u00a0\u00bb4.6.6&Prime; background_size=\u00a0\u00bbinitial\u00a0\u00bb background_position=\u00a0\u00bbtop_left\u00a0\u00bb background_repeat=\u00a0\u00bbrepeat\u00a0\u00bb custom_margin=\u00a0\u00bb||7px|||\u00a0\u00bb inline_fonts=\u00a0\u00bbIndie Flower\u00a0\u00bb]<\/p>\n<h1><span style=\"font-family: Indie Flower; font-size: x-large;\"><strong>Photographe de mariage<\/strong><\/span><\/h1>\n<p>[\/et_pb_text][et_pb_text _builder_version=\u00a0\u00bb4.6.6&Prime; _module_preset=\u00a0\u00bbdefault\u00a0\u00bb]<\/p>\n<p>Voir plus de <a href=\"https:\/\/www.little-lady.ch\/wp\/category\/mariage-2\/\">photographies de mariage <\/a><a href=\"https:\/\/www.little-lady.ch\/wp\/category\/mariage-2\/\">sur<\/a> <a href=\"https:\/\/www.little-lady.ch\/wp\/category\/mariage-2\/\">mon blog<\/a><\/p>\n<p>Vous voulez faire appel \u00e0 un <a href=\"http:\/\/www.little-lady.ch\" target=\"_blank\" rel=\"noopener\">photographe de mariage<\/a>, mais vous avez peur d\u2019entendre sans cesse \u00ab\u00a0souriez\u00a0\u00bb, \u00ab\u00a0embrassez-vous\u00a0\u00bb, \u00ab\u00a0d\u00e9calez-vous vers la droite, un peu plus, non\u2026 un peu moins\u2026\u00a0\u00bb, \u00ab\u00a0\u2026\u00a0\u00bb? Je vous rassure tout de suite, ce n\u2019est pas ma fa\u00e7on de travailler.<\/p>\n<p>Mon style photographique est marqu\u00e9 par une approche <strong>intime<\/strong> et <strong>discr\u00e8te<\/strong>, vous permettant de vivre cette journ\u00e9e sp\u00e9ciale sans vous sentir observ\u00e9s, tout en capturant des moments <strong>authentiques<\/strong> et pleins d&rsquo;<strong>\u00e9motion<\/strong>. Je reste toujours \u00e0 l\u2019\u00e9coute, cherchant \u00e0 r\u00e9aliser au mieux vos attentes, afin de personnaliser chaque s\u00e9ance photo et de raconter votre histoire et votre amour de mani\u00e8re <strong>unique<\/strong> et <strong>sinc\u00e8re<\/strong>.<\/p>\n<p>Chaleureuse et pleine d&rsquo;humour, je sais comment d\u00e9tendre l\u2019atmosph\u00e8re en toutes circonstances, ce qui rend chaque s\u00e9ance photo agr\u00e9able et d\u00e9contract\u00e9e. Je saurai faire ressortir les sourires et les rires de vos invit\u00e9s, cr\u00e9ant ainsi des images pleines de joie et de complicit\u00e9. <br \/>Pr\u00e9sente tout en restant <strong>discr\u00e8te<\/strong>, je ferai en sorte que les moments les plus pr\u00e9cieux sont captur\u00e9s de mani\u00e8re <strong>spontan\u00e9e<\/strong>, sans mettre l\u2019accent sur la mise en sc\u00e8ne.<\/p>\n<p><strong>Romantique<\/strong> dans l\u2019\u00e2me, je cherche avant tout \u00e0 saisir les instants les plus tendres et les plus \u00e9mouvants de cette journ\u00e9e, que ce soit un regard \u00e9chang\u00e9, un geste attentionn\u00e9, un \u00e9clat de rire ou m\u00eame une larme au coin de l&rsquo;oeil. <br \/>J&rsquo;aime jouer avec la lumi\u00e8re naturelle et les d\u00e9cors pour cr\u00e9er des images intemporelles qui respirent la douceur et l\u2019<strong>\u00e9l\u00e9gance<\/strong>, tout en conservant une approche <strong>moderne<\/strong> et <strong>authentique<\/strong>.<\/p>\n<p>Chaque mariage est unique, c\u2019est pourquoi je propose des prestations sur mesure, adapt\u00e9es \u00e0 vos envies et \u00e0 votre budget. Que vous planifiiez une c\u00e9r\u00e9monie intime ou une grande r\u00e9ception, je vous accompagne tout au long de votre journ\u00e9e pour immortaliser chaque instant, afin que vous puissiez revivre votre journ\u00e9e sous un angle romantique, naturel et plein de bonheur.<\/p>\n<p>[\/et_pb_text][et_pb_gallery gallery_ids=\u00a0\u00bb6373,6371,6369,6368,6367,6211,6204,6212,4025,2653,2655,2658,2651,2662,2661,2664,2673,2674,2682,2685,2935,2945,2929,2946,2954,3178,3182,2184,2180,2190,2202,2208,2614,2609,2419,2414,2421,2423,2426,2431,2446,2437,2455,2451,3394,3398,3400,3397,3416,3422,3897,3913,3918,3923,4020,4033,4040,4050,4054,4056,4058,6213,4064,4072,4080,6207,6051,4079,6366,6365,6370,6372,6374&Prime; posts_number=\u00a0\u00bb8&Prime; show_title_and_caption=\u00a0\u00bboff\u00a0\u00bb _builder_version=\u00a0\u00bb4.6.6&Prime; _module_preset=\u00a0\u00bbdefault\u00a0\u00bb hover_enabled=\u00a0\u00bb0&Prime; sticky_enabled=\u00a0\u00bb0&Prime;][\/et_pb_gallery][et_pb_text _builder_version=\u00a0\u00bb4.6.6&Prime; background_size=\u00a0\u00bbinitial\u00a0\u00bb background_position=\u00a0\u00bbtop_left\u00a0\u00bb background_repeat=\u00a0\u00bbrepeat\u00a0\u00bb inline_fonts=\u00a0\u00bbIndie Flower\u00a0\u00bb]<\/p>\n<p style=\"text-align: right;\">Voir plus de <a href=\"https:\/\/www.little-lady.ch\/wp\/category\/mariage-2\/\">photographies de mariage <\/a><a href=\"https:\/\/www.little-lady.ch\/wp\/category\/mariage-2\/\">sur<\/a> <a href=\"https:\/\/www.little-lady.ch\/wp\/category\/mariage-2\/\">mon blog<\/a><\/p>\n<h3><span style=\"font-family: Indie Flower; font-size: x-large;\"><strong>Comment se passe une prestation de reportage photo pour un mariage ?<br \/><\/strong><\/span><\/h3>\n<p>Je travaille en mode reportage\/journalisme, c&rsquo;est \u00e0 dire que la plupart de mes clich\u00e9s sont pris sur le vif, avec un grand zoom qui me permet de travailler sans \u00eatre vue. \u00a0Je suis discr\u00e8te, attentive, souriante, chaleureuse, &#8230;<\/p>\n<p>Je cherche avant tout la <strong>spontan\u00e9it\u00e9<\/strong> et l&rsquo;<strong>\u00e9motion<\/strong>, la journ\u00e9e se d\u00e9roule au feeling, je tourne autour de vous et de vos invit\u00e9s avec discr\u00e9tion, pour immortaliser plein de petites choses \ud83d\ude42<\/p>\n<p>Les photos sont trait\u00e9es (sans limite de nombre, je rends tout ce qui est bon) et rendues dans un coffret en bois, sur cl\u00e9 USB, dans un d\u00e9lai de 12 semaines maximum. Je suis volontiers \u00e0 disposition si vous souhaitez obtenir davantage d&rsquo;informations ou de rp\u00e9cisions.<\/p>\n<p>[\/et_pb_text][\/et_pb_column][\/et_pb_row][\/et_pb_section]<\/p>\n","protected":false},"excerpt":{"rendered":"<p>[et_pb_section fb_built=\u00a0\u00bb1&Prime; _builder_version=\u00a0\u00bb4.6.6&Prime; custom_margin=\u00a0\u00bb120px||||false|false\u00a0\u00bb custom_padding=\u00a0\u00bb20px||||false|false\u00a0\u00bb][et_pb_row _builder_version=\u00a0\u00bb3.25&Prime; custom_margin=\u00a0\u00bb-100px|||\u00a0\u00bb][et_pb_column type=\u00a0\u00bb4_4&Prime; _builder_version=\u00a0\u00bb3.25&Prime; custom_padding=\u00a0\u00bb|||\u00a0\u00bb custom_padding__hover=\u00a0\u00bb|||\u00a0\u00bb][et_pb_social_media_follow icon_color=\u00a0\u00bb#ffffff\u00a0\u00bb admin_label=\u00a0\u00bbSocial Media Follow\u00a0\u00bb _builder_version=\u00a0\u00bb4.6.5&Prime; _module_preset=\u00a0\u00bbdefault\u00a0\u00bb text_orientation=\u00a0\u00bbright\u00a0\u00bb][et_pb_social_media_follow_network social_network=\u00a0\u00bbfacebook\u00a0\u00bb url=\u00a0\u00bbhttps:\/\/www.facebook.com\/LittleLadyPhotographie\/\u00a0\u00bb _builder_version=\u00a0\u00bb4.6.5&Prime; _module_preset=\u00a0\u00bbdefault\u00a0\u00bb background_color=\u00a0\u00bb#8f8f8f\u00a0\u00bb background_enable_color=\u00a0\u00bbon\u00a0\u00bb follow_button=\u00a0\u00bboff\u00a0\u00bb url_new_window=\u00a0\u00bbon\u00a0\u00bb]facebook[\/et_pb_social_media_follow_network][et_pb_social_media_follow_network social_network=\u00a0\u00bbinstagram\u00a0\u00bb url=\u00a0\u00bbhttps:\/\/www.instagram.com\/LittleLadyPhotographie\/\u00a0\u00bb _builder_version=\u00a0\u00bb4.6.5&Prime; _module_preset=\u00a0\u00bbdefault\u00a0\u00bb background_color=\u00a0\u00bb#8f8f8f\u00a0\u00bb background_enable_color=\u00a0\u00bbon\u00a0\u00bb follow_button=\u00a0\u00bboff\u00a0\u00bb url_new_window=\u00a0\u00bbon\u00a0\u00bb]instagram[\/et_pb_social_media_follow_network][\/et_pb_social_media_follow][et_pb_text _builder_version=\u00a0\u00bb4.6.6&Prime; background_size=\u00a0\u00bbinitial\u00a0\u00bb background_position=\u00a0\u00bbtop_left\u00a0\u00bb background_repeat=\u00a0\u00bbrepeat\u00a0\u00bb custom_margin=\u00a0\u00bb||7px|||\u00a0\u00bb inline_fonts=\u00a0\u00bbIndie Flower\u00a0\u00bb] Photographe de mariage [\/et_pb_text][et_pb_text _builder_version=\u00a0\u00bb4.6.6&Prime; _module_preset=\u00a0\u00bbdefault\u00a0\u00bb] Voir plus de photographies de mariage sur mon [&hellip;]<\/p>\n","protected":false},"author":1,"featured_media":0,"parent":0,"menu_order":3,"comment_status":"open","ping_status":"open","template":"","meta":{"_et_pb_use_builder":"on","_et_pb_old_content":"<p><strong>Nouveau-n\u00e9, c'est \u00e0 dire?<\/strong><\/p><p>Les s\u00e9ances nouveau-n\u00e9 se font dans les 14premiers jours de vie, id\u00e9alement entre le 5\u00e8me et le 10\u00e8me jour.<\/p><p>Toujours dans le respect des cycles de vie d'un nouveau-n\u00e9, je m'adapte aux repas, pauses c\u00e2lins, ...<\/p><p>Je suis form\u00e9e \u00e0 la s\u00e9curit\u00e9 et \u00e0 la manipulation d'un nourrison, je connais des techniques d'emmaillotage et d'endormissement. Je prends mon temps (ne rien pr\u00e9voir apr\u00e8s la s\u00e9ance),<br \/>pour que b\u00e9b\u00e9 se sente \u00e0 l'aise et s'endorme profond\u00e9ment. Il sera alors plus simple de le placer dans des positions foetales, confortables et naturelles.<\/p><p>Je travaille uniquement en lumi\u00e8re naturelle, et \u00e0 domicile, afin de garantir le plus de tranquillit\u00e9 possible \u00e0 b\u00e9b\u00e9 et maman.<\/p><p>A propos du \"\u00e0 domicile\", avant mon arriv\u00e9e, pensez \u00e0 :<\/p><p>* Un ptit radiateur pour chauffer la pi\u00e8ce \u00e0 27-30\u00b0, histoire que b\u00e9b\u00e9 soit le plus \u00e0 l'aise possible lorsqu'on le d\u00e9shabille<\/p><p>* Pour maman, une jolie tenue\/lingerie si vous souhaitez quelques photos d'allaitement<\/p><p>* Pour papa, des habits en accord avec maman, si vous voulez quelques clich\u00e9s de famille<\/p><p>* Si vous avez un doudou\/peluche\/accessoire qui vous tient \u00e0 coeur, montrez-moi, on peut l'inclure au d\u00e9cor!<\/p><p>\u00a0<\/p>","_et_gb_content_width":"","footnotes":""},"class_list":["post-4369","page","type-page","status-publish","hentry"],"_links":{"self":[{"href":"https:\/\/www.little-lady.ch\/wp\/wp-json\/wp\/v2\/pages\/4369","targetHints":{"allow":["GET"]}}],"collection":[{"href":"https:\/\/www.little-lady.ch\/wp\/wp-json\/wp\/v2\/pages"}],"about":[{"href":"https:\/\/www.little-lady.ch\/wp\/wp-json\/wp\/v2\/types\/page"}],"author":[{"embeddable":true,"href":"https:\/\/www.little-lady.ch\/wp\/wp-json\/wp\/v2\/users\/1"}],"replies":[{"embeddable":true,"href":"https:\/\/www.little-lady.ch\/wp\/wp-json\/wp\/v2\/comments?post=4369"}],"version-history":[{"count":36,"href":"https:\/\/www.little-lady.ch\/wp\/wp-json\/wp\/v2\/pages\/4369\/revisions"}],"predecessor-version":[{"id":6375,"href":"https:\/\/www.little-lady.ch\/wp\/wp-json\/wp\/v2\/pages\/4369\/revisions\/6375"}],"wp:attachment":[{"href":"https:\/\/www.little-lady.ch\/wp\/wp-json\/wp\/v2\/media?parent=4369"}],"curies":[{"name":"wp","href":"https:\/\/api.w.org\/{rel}","templated":true}]}}

<p>[et_pb_section fb_built= »1&Prime; _builder_version= »4.6.6&Prime; custom_margin= »120px||||false|false » custom_padding= »20px||||false|false »][et_pb_row _builder_version= »3.25&Prime; custom_margin= »-100px||| »][et_pb_column type= »4_4&Prime; _builder_version= »3.25&Prime; custom_padding= »||| » custom_padding__hover= »||| »][et_pb_social_media_follow icon_color= »#ffffff » admin_label= »Social Media Follow » _builder_version= »4.6.5&Prime; _module_preset= »default » text_orientation= »right »][et_pb_social_media_follow_network social_network= »facebook » url= »https://www.facebook.com/LittleLadyPhotographie/ » _builder_version= »4.6.5&Prime; _module_preset= »default » background_color= »#8f8f8f » background_enable_color= »on » follow_button= »off » url_new_window= »on »]facebook[/et_pb_social_media_follow_network][et_pb_social_media_follow_network social_network= »instagram » url= »https://www.instagram.com/LittleLadyPhotographie/ » _builder_version= »4.6.5&Prime; _module_preset= »default » background_color= »#8f8f8f » background_enable_color= »on » follow_button= »off » url_new_window= »on »]instagram[/et_pb_social_media_follow_network][/et_pb_social_media_follow][et_pb_text _builder_version= »4.6.6&Prime; background_size= »initial » background_position= »top_left » background_repeat= »repeat » custom_margin= »||7px||| » inline_fonts= »Indie Flower »]</p>
<h1><span style="font-family: Indie Flower; font-size: x-large;"><strong>Photographe de mariage</strong></span></h1>
<p>[/et_pb_text][et_pb_text _builder_version= »4.6.6&Prime; _module_preset= »default »]</p>
<p>Voir plus de <a href="https://www.little-lady.ch/wp/category/mariage-2/">photographies de mariage </a><a href="https://www.little-lady.ch/wp/category/mariage-2/">sur</a> <a href="https://www.little-lady.ch/wp/category/mariage-2/">mon blog</a></p>
<p>Vous voulez faire appel à un <a href="http://www.little-lady.ch" target="_blank" rel="noopener">photographe de mariage</a>, mais vous avez peur d’entendre sans cesse « souriez », « embrassez-vous », « décalez-vous vers la droite, un peu plus, non… un peu moins… », « … »? Je vous rassure tout de suite, ce n’est pas ma façon de travailler.</p>
<p>Mon style photographique est marqué par une approche <strong>intime</strong> et <strong>discrète</strong>, vous permettant de vivre cette journée spéciale sans vous sentir observés, tout en capturant des moments <strong>authentiques</strong> et pleins d&rsquo;<strong>émotion</strong>. Je reste toujours à l’écoute, cherchant à réaliser au mieux vos attentes, afin de personnaliser chaque séance photo et de raconter votre histoire et votre amour de manière <strong>unique</strong> et <strong>sincère</strong>.</p>
<p>Chaleureuse et pleine d&rsquo;humour, je sais comment détendre l’atmosphère en toutes circonstances, ce qui rend chaque séance photo agréable et décontractée. Je saurai faire ressortir les sourires et les rires de vos invités, créant ainsi des images pleines de joie et de complicité. <br />Présente tout en restant <strong>discrète</strong>, je ferai en sorte que les moments les plus précieux sont capturés de manière <strong>spontanée</strong>, sans mettre l’accent sur la mise en scène.</p>
<p><strong>Romantique</strong> dans l’âme, je cherche avant tout à saisir les instants les plus tendres et les plus émouvants de cette journée, que ce soit un regard échangé, un geste attentionné, un éclat de rire ou même une larme au coin de l&rsquo;oeil. <br />J&rsquo;aime jouer avec la lumière naturelle et les décors pour créer des images intemporelles qui respirent la douceur et l’<strong>élégance</strong>, tout en conservant une approche <strong>moderne</strong> et <strong>authentique</strong>.</p>
<p>Chaque mariage est unique, c’est pourquoi je propose des prestations sur mesure, adaptées à vos envies et à votre budget. Que vous planifiiez une cérémonie intime ou une grande réception, je vous accompagne tout au long de votre journée pour immortaliser chaque instant, afin que vous puissiez revivre votre journée sous un angle romantique, naturel et plein de bonheur.</p>
<p>[/et_pb_text][et_pb_gallery gallery_ids= »6373,6371,6369,6368,6367,6211,6204,6212,4025,2653,2655,2658,2651,2662,2661,2664,2673,2674,2682,2685,2935,2945,2929,2946,2954,3178,3182,2184,2180,2190,2202,2208,2614,2609,2419,2414,2421,2423,2426,2431,2446,2437,2455,2451,3394,3398,3400,3397,3416,3422,3897,3913,3918,3923,4020,4033,4040,4050,4054,4056,4058,6213,4064,4072,4080,6207,6051,4079,6366,6365,6370,6372,6374&Prime; posts_number= »8&Prime; show_title_and_caption= »off » _builder_version= »4.6.6&Prime; _module_preset= »default » hover_enabled= »0&Prime; sticky_enabled= »0&Prime;][/et_pb_gallery][et_pb_text _builder_version= »4.6.6&Prime; background_size= »initial » background_position= »top_left » background_repeat= »repeat » inline_fonts= »Indie Flower »]</p>
<p style="text-align: right;">Voir plus de <a href="https://www.little-lady.ch/wp/category/mariage-2/">photographies de mariage </a><a href="https://www.little-lady.ch/wp/category/mariage-2/">sur</a> <a href="https://www.little-lady.ch/wp/category/mariage-2/">mon blog</a></p>
<h3><span style="font-family: Indie Flower; font-size: x-large;"><strong>Comment se passe une prestation de reportage photo pour un mariage ?<br /></strong></span></h3>
<p>Je travaille en mode reportage/journalisme, c&rsquo;est à dire que la plupart de mes clichés sont pris sur le vif, avec un grand zoom qui me permet de travailler sans être vue.  Je suis discrète, attentive, souriante, chaleureuse, &#8230;</p>
<p>Je cherche avant tout la <strong>spontanéité</strong> et l&rsquo;<strong>émotion</strong>, la journée se déroule au feeling, je tourne autour de vous et de vos invités avec discrétion, pour immortaliser plein de petites choses 🙂</p>
<p>Les photos sont traitées (sans limite de nombre, je rends tout ce qui est bon) et rendues dans un coffret en bois, sur clé USB, dans un délai de 12 semaines maximum. Je suis volontiers à disposition si vous souhaitez obtenir davantage d&rsquo;informations ou de rpécisions.</p>
<p>[/et_pb_text][/et_pb_column][/et_pb_row][/et_pb_section]</p>

<p><strong>Nouveau-né, c'est à dire?</strong></p><p>Les séances nouveau-né se font dans les 14premiers jours de vie, idéalement entre le 5ème et le 10ème jour.</p><p>Toujours dans le respect des cycles de vie d'un nouveau-né, je m'adapte aux repas, pauses câlins, ...</p><p>Je suis formée à la sécurité et à la manipulation d'un nourrison, je connais des techniques d'emmaillotage et d'endormissement. Je prends mon temps (ne rien prévoir après la séance),<br />pour que bébé se sente à l'aise et s'endorme profondément. Il sera alors plus simple de le placer dans des positions foetales, confortables et naturelles.</p><p>Je travaille uniquement en lumière naturelle, et à domicile, afin de garantir le plus de tranquillité possible à bébé et maman.</p><p>A propos du "à domicile", avant mon arrivée, pensez à :</p><p>* Un ptit radiateur pour chauffer la pièce à 27-30°, histoire que bébé soit le plus à l'aise possible lorsqu'on le déshabille</p><p>* Pour maman, une jolie tenue/lingerie si vous souhaitez quelques photos d'allaitement</p><p>* Pour papa, des habits en accord avec maman, si vous voulez quelques clichés de famille</p><p>* Si vous avez un doudou/peluche/accessoire qui vous tient à coeur, montrez-moi, on peut l'inclure au décor!</p><p> </p>
